is the ten thousands digit of 2267294?
6
What is the hundred thousands digit of 285534?
2
What is the thousands digit of 1081512?
1
What is the hundred thousands digit of 120114?
1
What is the units digit of 4477695?
5
What is the units digit of 4700279?
9
What is the ten thousands digit of 2071618?
7
What is the tens digit of 15595532?
3
What is the units digit of 255303?
3
What is the units digit of 169578?
8
What is the units digit of 1655793?
3
What is the ten thousands digit of 26181915?
8
What is the units digit of 25074058?
8
What is the hundred thousands digit of 123909?
1
What is the thousands digit of 1077640?
7
What is the tens digit of 245194?
9
What is the hundreds digit of 447131?
1
What is the millions digit of 2443533?
2
What is the thousands digit of 115117?
5
What is the units digit of 548560?
0
What is the ten thousands digit of 148830?
4
What is the units digit of 21804565?
5
What is the ten thousands digit of 1619015?
1
What is the hundreds digit of 3830133?
1
What is the hundred thousands digit of 3013375?
0
What is the hundred thousands digit of 2128439?
1
What is the thousands digit of 220281?
0
What is the thousands digit of 6306848?
6
What is the thousands digit of 24594796?
4
What is the hundreds digit of 304276?
2
What is the tens digit of 657806?
0
What is the units digit of 140381?
1
What is the tens digit of 3378449?
4
What is the ten thousands digit of 245474?
4
What is the hundred thousands digit of 305966?
3
What is the hundreds digit of 930966?
9
What is the hundreds digit of 10115402?
4
What is the hundreds digit of 12133?
1
What is the hundreds digit of 97410?
4
What is the ten thousands digit of 2162409?
6
What is the tens digit of 1417514?
1
What is the ten thousands digit of 4785031?
8
What is the hundred thousands digit of 3165119?
1
What is the hundreds digit of 931469?
4
What is the thousands digit of 55737?
5
What is the hundreds digit of 1061692?
6
What is the tens digit of 82697?
9
What is the hundred thousands digit of 182272?
1
What is the tens digit of 613380?
8
What is the thousands digit of 1281080?
1
What is the thousands digit of 1163397?
3
What is the tens digit of 904905?
0
What is the ten thousands digit of 1053596?
5
What is the units digit of 646915?
5
What is the ten thousands digit of 344015?
4
What is the thousands digit of 38726?
8
What is the tens digit of 1102656?
5
What is the millions digit of 1987952?
1
What is the hundred thousands digit of 560013?
5
What is the hundred thousands digit of 2083509?
0
What is the hundred thousands digit of 3512354?
5
What is the hundreds digit of 2729131?
1
What is the units digit of 24568465?
5
What is the tens digit of 9068646?
4
What is the units digit of 1132887?
7
What is the units digit of 222958?
8
What is the hundred thousands digit of 811800?
8
What is the tens digit of 1384?
8
What is the hundred thousands digit of 139745?
1
What is the units digit of 41145?
5
What is the units digit of 109365?
5
What is the ten thousands digit of 669754?
6
What is the tens digit of 12142212?
1
What is the tens digit of 6471030?
3
What is the thousands digit of 27129?
7
What is the hundreds digit of 11853881?
8
What is the thousands digit of 4544676?
4
What is the tens digit of 305798?
9
What is the thousands digit of 2853062?
3
What is the hundred thousands digit of 1032087?
0
What is the hundreds digit of 242813?
8
What is the tens digit of 6341178?
7
What is the units digit of 9045894?
4
What is the thousands digit of 12157471?
7
What is the ten thousands digit of 530301?
3
What is the hundred thousands digit of 237566?
2
What is the hundreds digit of 15873208?
2
What is the thousands digit of 870047?
0
What is the hundreds digit of 915392?
3
What is the units digit of 17095348?
8
What is the units digit of 445858?
8
What is the hundreds digit of 5105215?
2
What is the hundreds digit of 210075?
0
What is the units digit of 1874692?
2
What is the thousands digit of 880355?
0
What is the units digit of 260189?
9
What is the units digit of 10607559?
9
What is the thousands digit of 99750?
9
What is the thousands digit of 33510625?
0
What is the units digit of 17959?
9
What is the hundred thousands digit of 197951?
1
What is the ten thousands digit of 384476?
8
What is the tens digit of 25016?
1
What is the millions digit of 24634830?
4
What is the units digit of 1830371?
1
What is the millions digit of 2743481?
2
What is the ten thousands digit of 429346?
2
What is the ten thousands digit of 82675?
8
What is the thousands digit of 446391?
6
What is the units digit of 2349123?
3
What is the tens digit of 7975533?
3
What is the units digit of 6340959?
9
What is the hundreds digit of 215986?
9
What is the thousands digit of 228632?
8
What is the ten thousands digit of 136132?
3
What is the hundreds digit of 25538?
5
What is the units digit of 2370406?
6
What is the tens digit of 115046?
4
What is the thousands digit of 177519?
7
What is the ten thousands digit of 358854?
5
What is the tens digit of 20970084?
8
What is the thousands digit of 18946?
8
What is the hundreds digit of 18781?
7
What is the ten thousands digit of 5798177?
9
What is the hundred thousands digit of 790554?
7
What is the hundred thousands digit of 425115?
4
What is the thousands digit of 2924?
2
What is the tens digit of 1013256?
5
What is the tens digit of 901319?
1
What is the thousands digit of 67633?
7
What is the ten thousands digit of 140980?
4
What is the tens digit of 1003976?
7
What is the units digit of 53357?
7
What is the hundred thousands digit of 166339?
1
What is the hundred thousands digit of 128076?
1
What is the units digit of 3407188?
8
What is the units digit of 3375154?
4
What is the thousands digit of 6096186?
6
What is the tens digit of 946095?
9
What is the millions digit of 6335301?
6
What is the hundreds digit of 218020?
0
What is the units digit of 10001959?
9
What is the hundred thousands digit of 568099?
5
What is the units digit of 90843?
3
What is the tens digit of 11699417?
1
What is the ten thousands digit of 1776663?
7
What is the tens digit of 119467?
6
What is the tens digit of 6391852?
5
What is the hundred thousands digit of 1311234?
3
What is the units digit of 8002303?
3
What is the tens digit of 9668483?
8
What is the tens digit of 315107?
0
What is the hundred thousands digit of 4859044?
8
What is the ten thousands digit of 2046065?
4
What is the hundred thousands digit of 262092?
2
What is the units digit of 35096?
6
What is the ten thousands digit of 297254?
9
What is the thousands digit of 30375?
0
What is the ten thousands digit of 169117?
6
What is the hundred thousands digit of 327106?
3
What is the ten millions digit of 13620976?
1
What is the thousands digit of 616958?
6
What is the tens digit of 33731?
3
What is the hundreds digit of 952439?
4
What is the ten thousands digit of 15823605?
2
What is the millions digit of 1118981?
1
What is the thousands digit of 345751?
5
What is the tens digit of 15062427?
2
What is the thousands digit of 7275330?
5
What is the thousands digit of 525026?
5
What is the millions digit of 6257937?
6
What is the ten thousands digit of 200900?
0
What is the hundreds digit of 177899?
8
What is the thousands digit of 130181?
0
What is the thousands digit of 606457?
6
What is the hundreds digit of 32538?
5
What is the hundreds digit of 6652794?
7
What is the hundreds digit of 40328?
3
What is the units digit of 1336800?
0
What is the tens digit of 6581132?
3
What is the tens digit of 1339570?
7
What is the hundreds digit of 164455?
4
What is the hundreds digit of 9291868?
8
What is the hundreds digit of 1456265?
2
What is the hundreds digit of 234914?
9
What is the tens digit of 175313?
1
What is the units digit of 4879103?
3
What is the ten thousands digit of 250635?
5
What is the thousands digit of 100930?
0
What is the tens digit of 1106137?
3
What is the thousands digit of 153869?
3
What is the units digit of 234335?
5
What is the hundred thousands digit of 3615422?
6
What is the millions digit of 3396232?
3
What is the tens digit of 1010018?
1
What is the hundred thousands digit of 142215?
1
What is the ten thousands digit of 3555802?
5
What is the ten thousands digit of 25048?
2
What is the units d